83. Let h = q + 265. What are the prime factors of h?
2, 13
Suppose -7*c - 141550 = -26*c. What are the prime factors of c?
2, 5, 149
Suppose 54*d - 68094 = 12*d + 2359800. What are the prime factors of d?
3, 2141
Let c = 20 + 6. Suppose 0 = -2*v - c + 22. What are the prime factors of 85 + (2 - -1) + 0/v?
2, 11
Suppose 0 = q - 4*q + 2*g + 8, 5*g = 10. Suppose -3*x + 0*c = q*c - 3469, -2*c = 2*x - 2316. List the prime factors of x.
1163
Let r(c) = -c**2 + 17*c - 27. Let d(x) = x**2 + 14*x + 24. Suppose 3*b + 55 = 16. Let h be d(b). List the prime factors of r(h).
3, 13
Suppose -481*t + 84 = -474*t. Let k(h) = h**2 + 42. Let w be k(0). Let a = w - t. List the prime factors of a.
2, 3, 5
Let f = -126 + 67. Let n = f + 54. Let w(l) = -25*l - 23. What are the prime factors of w(n)?
2, 3, 17
Let l(o) = o**3 - 7*o**2 - 39*o + 48. Suppose -81 = -5*v + 16*p - 19*p, 2*v = 2*p + 26. List the prime factors of l(v).
3, 421
Suppose u - 13 = 5*w, -8 = 4*w + 8. Let i = u + 9. Suppose -i*s + 55 = -127. What are the prime factors of s?
7, 13
Let k = -8122 + 16239. List the prime factors of k.
8117
Suppose 76468 = 16*u - 48508. List the prime factors of u.
73, 107
Let a = 47141 + -27829. List the prime factors of a.
2, 17, 71
Let h be (2145/2 - 5)*2. Suppose -4*p = -11*p + h. List the prime factors of p.
5, 61
Suppose -10*m + 25 = -5. Suppose 5*k + 3033 = 4*g, -g + 6*g = m*k + 3775. What are the prime factors of g?
2, 47
Suppose 0 = -2*r - 1 + 5. Suppose 5*u + 58 = 2*f + u, -r*u = -4*f + 86. Let t(x) = x**2 - 19*x + 4. What are the prime factors of t(f)?
2
Let j = 7301 + -4523. List the prime factors of j.
2, 3, 463
Let h = 24560 + -14479. List the prime factors of h.
17, 593
Suppose -y - 5*k = -411, -2*k + 3*k - 407 = -y. Suppose 2*t + 2*u - y = 0, 0*t - 3*t - 4*u = -604. What are the prime factors of t?
2, 13
Let g(q) = -q**3 + 3*q**2 - 6*q + 11. Let i be g(2). List the prime factors of (1*i)/(96/10976).
7
Let w = 155 - -155. Let r = 350 - w. List the prime factors of r.
2, 5
List the prime factors of (-8)/(-72) - ((-2677934)/63 + 6).
3, 31, 457
Suppose 4*x - 25 = 3*i + 1738, 5*i + 2895 = -2*x. Suppose -3*h = -375 + 1590. Let t = h - i. What are the prime factors of t?
2, 11
Suppose -6*k = 29 - 11, -159157 = -5*a + 4*k. List the prime factors of a.
7, 4547
Let a(p) = -2082*p - 102. What are the prime factors of a(-8)?
2, 3, 31, 89
Suppose -4*w + 6*q = 4*q - 18140, 0 = -3*w + 5*q + 13598. List the prime factors of w.
2, 3, 7
Let o(u) = u**3 - 10*u**2 - 23*u + 9. Let h be o(10). Let w = h + 360. List the prime factors of w.
139
Suppose 2722*n - 2459114 = 2676*n. List the prime factors of n.
7, 1091
Suppose -5*k + 387 = 2*z, -4*k + k + 225 = 3*z. Let p = k + -34. Suppose 25 = -5*s, -p = -i - 4*i - 3*s. List the prime factors of i.
2, 3
Let p be (-3)/((-9)/3) + 205. Let i be -388*(-2)/(32/12). Let o = i - p. What are the prime factors of o?
5, 17
Let f be 4 + 1/((-5)/(-11230) - 0). Suppose -3*w = 3*w - f. What are the prime factors of w?
3, 5
Suppose -4*a + 17960 = -4*r, -24*a + 5*r - 8966 = -26*a. List the prime factors of a.
2, 3, 11, 17
Let n be 505/11 + 34/374. Let h = -44 + n. Suppose h*g - 5*a = -a + 188, -3*g - 4*a = -312. List the prime factors of g.
2, 5
Let d = 42 - 39. Suppose -d*k + 5 = -4*v, k - 1 = 2*v - 0. Suppose -89 = -k*z + 229. What are the prime factors of z?
2, 53
What are the prime factors of (-201)/(-4)*((-3180290)/(-3565) - 4/46)?
3, 67, 223
Suppose 7*o = 11*o, 5*w + 4*o - 71205 = 0. What are the prime factors of w?
3, 47, 101
Let l(u) = -86*u - 31. Let v be l(-11). Let d = 670 + v. What are the prime factors of d?
5, 317
Let j(y) = -y**2 - 12*y + 5. Let i be j(-12). Suppose -i*w = -a - 4*a + 75, 5*a - w = 75. What are the prime factors of 10/a + 124/12?
11
List the prime factors of (-4092)/(-1) + -9*(16 + -15).
3, 1361
Suppose 6*m + 7168 = 2*j + 3*m, 5*m + 10755 = 3*j. List the prime factors of j.
5, 11, 13
Suppose 2*v - 4*b = 1308 - 140, 1732 = 3*v - 2*b. Suppose -3*m + 11*a = 6*a - 886, 2*m + 5*a - v = 0. List the prime factors of m.
2, 73
What are the prime factors of 3*(149772/36 + -13)?
2, 6221
Suppose 69944 = 17*b - 4*b + 26017. What are the prime factors of b?
31, 109
Suppose 3*i = -3*b - 48, b = -0*b - 4*i - 28. Let a(s) = -32*s + 145. What are the prime factors of a(b)?
23
Let z(y) = -y**2 + 9*y + 1133. Let n be z(0). Suppose 0 = -4*t + 2*u + 5518, 251 = t + 4*u - n. List the prime factors of t.
2, 3, 5, 23
What are the prime factors of 180/660 + (-80904)/(-44)?
3, 613
Let g = 11722 - -11745. What are the prime factors of g?
31, 757
Let k = -863 - -8624. List the prime factors of k.
3, 13, 199
Let o(n) = -n**3 + 7*n**2 - 6*n + 4. Let d be o(6). Suppose -d*f + 1684 = 3*x - 0*x, 2*f = -x + 562. List the prime factors of x.
2, 5, 7
Let t be (5 + -6)*(1 + 1). Let s be 12/t*24/(-36). Suppose 2*l - s*a = 84, -l = 3*l + 5*a - 142. List the prime factors of l.
2, 19
Suppose 4*f - f - 43257 = -3*n, 2*n - 28838 = -3*f. List the prime factors of n.
14419
Let v = -3 - -12. Let n(s) be the first derivative of -2*s**3/3 + 21*s**2/2 + 13*s + 19. List the prime factors of n(v).
2, 5
List the prime factors of (-6 - (-37 - -13)/2)*(-4957)/(-6).
4957
Suppose -22 = -5*c - u, 0*c - 2 = 2*c + 4*u. Suppose 4*o + 2*n - 32 = 0, 3*o - 47 + 16 = -c*n. Suppose o*i - 220 = 3*i. What are the prime factors of i?
5, 11
Suppose -2314779 = 12*c - 84*c + 4730565. What are the prime factors of c?
2, 17, 1439
Let p(x) be the first derivative of x**4/4 + 26*x**3/3 + 35*x**2/2 - 26*x + 26. Let j be p(-24). Suppose j = 8*d - 6*d. What are the prime factors of d?
11, 13
Let l(b) = 65*b**2 - 2*b + 9. Let m(f) = f + 9. Let p be m(-12). List the prime factors of l(p).
2, 3, 5
Suppose 33*a = 31*a. Suppose a = 3*t + 4*t - 301. What are the prime factors of (2 - -1) + 0 + t?
2, 23
Let t(w) = -w**2 + 8*w + 2. Let v be t(7). List the prime factors of (v - (-17650)/40) + (-2)/8.
2, 3, 5
Let g(y) = 9*y**2 - 9*y - 4. Let s = 34 + -18. Suppose -4*w - 5*m = -s, -20 = -w - 4*w - 3*m. What are the prime factors of g(w)?
2, 13
Let j(x) = x**2 - 22*x + 22. Let v be j(10). Let m = v - -102. Let s(g) = 69*g - 12. List the prime factors of s(m).
2, 3, 11
Let w = 24 + -22. Suppose 0 = -q - 4*g + 15, -6*q = -q - 4*g - 3. List the prime factors of -1 + q/6 - (-231)/w.
5, 23
Let f = -5253 + 8219. List the prime factors of f.
2, 1483
Let s be (2 + 1)/(-1*3/(-15)). Let j(q) = 3*q + 4 - 23*q - s*q. List the prime factors of j(-2).
2, 37
Let k(u) = -2638*u - 9844. What are the prime factors of k(-23)?
2, 5, 13, 17, 23
Let j = -4574 - -21481. List the prime factors of j.
11, 29, 53
Let i(v) = -v**2 - 8*v - 6. Let k be i(-7). Let r be (-243)/(-21) - k*(-9)/21. List the prime factors of 1838/r - (-9)/(-54).
3, 17
Let k = -12 + 14. Suppose -3*n + 323 = 5*c, -2*n = -0 - k. Let f = c + -36. What are the prime factors of f?
2, 7
Suppose -34880 = -3*q + 5*m - m, 0 = 4*q + 4*m - 46488. List the prime factors of q.
2, 1453
Let k(b) = 12*b**2 - 20*b + 203. List the prime factors of k(-28).
7, 1453
Let i(s) = 6*s**2 - 93*s - 571. List the prime factors of i(58).
59, 241
What are the prime factors of (7542/(-2095))/((-1)/(-5442)*3/(-10))?
2, 3, 907
Let w be (6 + 1 + -7)*(-1)/(-2). Suppose w = b + 76 - 650. List the prime factors of b.
2, 7, 41
Suppose i - 3 = -1. Suppose -8*x = -3*x - i*l + 10, 4*x = 4*l - 20. Suppose -4*r + 0*b + 18 = -5*b, -r - b = x. List the prime factors of r.
2
Let n(h) = -h**2 + 12*h + 6. Let i be n(12). Let u(k) be the third derivative of k**5/20 - k**4/6 - 3*k**3/2 + 2*k**2 + 8. List the prime factors of u(i).
3, 5
Suppose 293 - 29 = -8*l. Let p = 1070 - l. What are the prime factors of p?
1103
Let f = -6643 + 13541. What are the prime factors of f?
2, 3449
Let p = 11 - 13. Let f be (-3)/(p + ((-3)/(-6) - 0)). List the prime factors of (f + 1/(-2))/(12/232).
29
Suppose 107 = -9*v - 118. Let r be (0 - 0 - -1) + v. Let x = r - -26. What are the prime factors of x?
2
Let m be ((-33)/1)/(34/(-4) - -8). Let x = 8 + -35. Let w = m + x. List the prime factors of w.
3, 13
Let r = -12 + 3. Suppose 2*k = -5*t + 156 + 15, t + 5*k - 2 = 0. What are the prime factors of t*((-2)/(-3))/((-2)/r)?
3, 37
Suppose -1151755 = -115*g + 2654260 - 739080. What are the prime factors of g?
26669
Suppose -